f + 5*z + 88 - 16, z - l = -4*f. What is the tens digit of f?
4
Suppose -3*p - t + 4*t - 102 = 0, -5*p - 210 = 3*t. Let r = p - -79. What is the units digit of r?
0
Let h(q) = 3*q**2 - 4*q + 25. What is the tens digit of h(3)?
4
Let a(j) = -j - 11. Let x be a(0). Let q(c) = -c**3 - 10*c**2 + 9*c + 8. What is the units digit of q(x)?
0
Let i(r) = r**2 - 11*r + 3*r - 7*r - 13 + 7. What is the units digit of i(19)?
0
Suppose 13*h + 11077 = 32*h. What is the hundreds digit of h?
5
Let y = -108 - -108. Let v(p) = p**3 - p**2 - p + 214. What is the hundreds digit of v(y)?
2
Let j(d) = -d**3 - 5*d**2 + d - 12. Let g be j(-6). Suppose -27*m + 1125 = -g*m. What is the units digit of m?
5
Suppose a = 108 + 36. Let w = -13 + a. Suppose -w = -3*f - 44. What is the units digit of f?
9
Suppose 4*l - 4*i - 9172 = 0, -5*i - 2 - 18 = 0. What is the tens digit of l?
8
Let j = -48 - -22. Let i = 71 + j. Suppose 5*w - 3*l = 45, -2*w - 5*l = -7*w + i. What is the units digit of w?
9
Suppose -4*r = -100 + 88. Suppose 4*u = -r*y + 496, y + 0*u - u = 177. What is the units digit of y?
2
What is the units digit of ((-1)/2)/1 + (-656828)/(-248)?
8
Let d(r) = -2*r + 28. Let o be d(7). Suppose 2*v - 66 = -o. What is the units digit of v?
6
Suppose 0 = -3*c - 5*n - 1 - 0, 0 = c + 3*n + 3. Suppose -c*k - 51 + 225 = 0. What is the units digit of k?
8
Let t(u) = u**2 - 16*u - 81. What is the tens digit of t(30)?
3
Suppose 5*o = 5*v - 2190, 4*o + 1309 = 5*v - 2*v. What is the units digit of v?
3
Let p = -2997 + 5525. What is the thousands digit of p?
2
Suppose -8 = a + b, -10*a + 2 = -9*a - b. Let p = 52 - 10. What is the tens digit of 1694/p + (-2)/a?
4
Let q = 9 - 5. Suppose 0 = w - q*n + 1 - 2, 3 = 3*w + 4*n. Let h(a) = 19*a. What is the tens digit of h(w)?
1
Let v = 1560 + -1109. What is the hundreds digit of v?
4
Let w = -599 - -1051. Let f = w + -256. What is the tens digit of f?
9
Let k = 2007 + -1006. What is the tens digit of k?
0
Let y = 14 - 14. Let i be y + 5 + 12/(-4). Suppose i*b = -2*b + 80. What is the units digit of b?
0
Let n(b) = -3*b**2 + 7*b - 24. Let c be n(7). Let o = 218 + c. What is the tens digit of o?
9
Let b be 30/(-12)*(-1 - -7). Let p(c) = -9*c + 9. Let z be p(b). What is the tens digit of z/5 + (-9)/(-45)?
2
Let x(m) = -18*m + 116. What is the tens digit of x(-8)?
6
Let z(u) = 31*u**3 - u - 1. Let t be z(-1). Let o = t + 26. What is the units digit of 1 + (5*-37)/o?
8
Let c = -38 + 88. Let f(k) = 31*k**2 - 6*k - 2. Let s be f(-1). Let u = c - s. What is the units digit of u?
5
Let w be 16/6 - (-10)/(-15). Suppose 3*d + v + 8 = 0, -d - v = -w*d. What is the tens digit of (2/4)/(d/(-40))?
1
Let s be (-24)/32 - (-102)/8. Suppose 16 = -4*p - 5*h, 5*p + 4*h - 6*h + 20 = 0. Let z = s - p. What is the units digit of z?
6
Suppose -2*c = -7*c + 10. Let i(t) = -2*t + 4*t**2 - 1 + t**c + 2. What is the units digit of i(2)?
7
Let o(y) = -3*y**3 - 3*y**2 + 6*y + 1. Let c(d) = -3*d**2 + 25*d - 12. Let a be c(8). What is the hundreds digit of o(a)?
1
Let s(c) = c**3 - 7*c**2 + 4*c + 15. Let w be s(6). Suppose -2*p + 2*z = -w*z - 269, -3*p - 3*z = -372. What is the hundreds digit of p?
1
What is the units digit of (7/(-14))/(6/(-16284))?
7
Let x(n) = 6*n**2 + 3*n + 113. What is the thousands digit of x(17)?
1
Let d be (-1478)/(-10) + 11/55. Let z be 45/(-10)*d/(-6). Suppose -3*g + 356 = 5*n + z, -g = 3*n - 151. What is the tens digit of n?
5
Let y(d) = 13 + 5 + 3 + 27 + 13*d. What is the units digit of y(17)?
9
Suppose -3*m - 47 = -5*v, -m - 1 = -3*v + 28. Suppose 112 - 742 = -v*d. What is the tens digit of d?
6
Let p(n) = -n**3 + n. Let g(z) = -3*z**3 - 8*z**2 + z + 7. Let h(c) = -g(c) + 4*p(c). What is the tens digit of h(7)?
6
What is the units digit of 3/(-17 - -11) - 9031/(-2)?
5
Let o = -246 + 484. Let f = o + -170. What is the tens digit of f?
6
Let a(v) = -3*v**2 - 16*v + 2129. What is the thousands digit of a(0)?
2
What is the tens digit of (-4 + 8)/((-5)/(-530))?
2
Let a(t) = -t**2 - 9. Let j be a(-4). What is the units digit of ((j/(-2))/(-5))/((-2)/36)?
5
Let g = 97 + -36. Let a = 123 - g. What is the tens digit of a?
6
Let r = -27 + 30. Let j(h) = 102*h - 2. Let g be j(r). Suppose -3*b + 196 = -t, 0 = b - 6*b - 4*t + g. What is the units digit of b?
4
Suppose 5*b - 2*n = 3*b + 6, -2*b - 5*n - 1 = 0. Let a = 19 - 19. Suppose 8 = -4*y, 5*y - 52 = -b*r - a*r. What is the tens digit of r?
3
Let p(o) = -3*o**3 - 2*o**2 + 16*o - 14. What is the hundreds digit of p(-6)?
4
Let o = -1016 - -1686. What is the units digit of o/(-1 + 6)*1?
4
Suppose -3*m - 2*f - 2 = -f, 0 = -4*m - 4*f + 8. Let n be 6/12*m*1. What is the units digit of ((-49)/(-28))/(n/(-16))?
8
Suppose -4*u = -2*c - c - 48, 4*c + 2*u = -64. Let l = -17 - c. What is the tens digit of -8 + 61 + (l - -1)?
5
Let j(u) = -u - 13 - 13*u + 3*u + u**2. What is the tens digit of j(14)?
2
Let q(y) = y**2 + 4*y + 7. Suppose 0*u = u + 4. Let c be q(u). Suppose c*x - 244 = 3*x. What is the tens digit of x?
6
Suppose 2681 = 3*j - 3*o - 2611, j + 2*o = 1770. What is the units digit of j?
6
Let d(u) = -u**3 + 9*u**2 - 6*u + 4. Let p be d(8). Let y = 23 - p. Suppose -q - y*q = -32. What is the units digit of q?
8
Let v(t) = -3*t - 27*t - 12 + 4*t. What is the tens digit of v(-5)?
1
Let b(s) = 28*s**2 - 32*s - 327. What is the thousands digit of b(-10)?
2
Let m be 64/(5/(2 - 7)). Let o = m - -107. What is the tens digit of o?
4
Let s be 35/10*20/2. Let x be 30/14 - 5/s. Suppose -3*w + 43 = r + 12, w = -x*r + 52. What is the tens digit of r?
2
Let r = 877 - -575. What is the units digit of r?
2
Suppose -11*c + 16*c = 0. Suppose c = -5*o + 3*h + 80, 17 = -3*o + 5*h + 49. What is the tens digit of o?
1
Suppose 5*n = -0*j - 4*j + 827, -4*n + 12 = 0. What is the tens digit of j?
0
Let j = -161 + 173. Suppose -8*q + 5*q = -j, -3*v + 938 = 2*q. What is the units digit of v?
0
Let o be 1/2 + 63/6. Let y = o + -20. Let s = y + 29. What is the tens digit of s?
2
Suppose -5*f + z + 404 = -0*z, z = 3*f - 242. What is the units digit of f?
1
Suppose 0 = -2*n + 5*h + 157 + 202, -h = -3*n + 558. What is the units digit of n?
7
What is the tens digit of (322/(-4))/((-1)/(-56)*-7)?
4
Let j(l) = l**3 - 2*l**2 - 3*l - 16. What is the hundreds digit of j(6)?
1
Suppose -4*a = -f - 881, 3*f + 662 = 3*a + f. Let l = a + -92. What is the tens digit of 10/4*l/20?
1
Let g be (3 - 2) + -2 + 24. Let j = 23 - g. Suppose j*v = -4*k + 5*v + 79, -2*k + 2*v = -38. What is the units digit of k?
6
Let d be (1/3)/((-8)/(-1056)). Suppose -8*m + d - 4 = 0. Suppose -n - z + 17 = 0, -n + 0*n + m = -2*z. What is the tens digit of n?
1
Let c be 9/(-6) + (-91)/(-2). What is the units digit of ((-50)/4)/((-22)/c)?
5
What is the units digit of (-7302)/(-6) + -2*4?
9
Let k be (-294)/28*(-4)/6. What is the units digit of 3 + k/((-28)/(-128))?
5
Let n = -16 - -23. Suppose -3*t - 97 = -n*t + 3*r, -t - 3*r = -28. What is the units digit of t?
5
Let q(l) = l**3 + 4*l**2 - 5*l + 1. Let v(s) = -s**2 + 7*s - 5. Let f be v(7). Let k be q(f). Suppose z + 4 = 4*n - k, -z = n - 20. What is the tens digit of z?
1
Suppose 5*u + 6*z = z + 160, 5*z = -3*u + 102. Let t = u - 7. What is the units digit of t/1 - (-1 + -2)?
5
Let c be 3*(0 + 9/(81/(-48))). Let t(q) = -5*q. Let s be t(-4). Let g = c + s. What is the units digit of g?
4
Let i = 998 + 3. What is the units digit of i?
1
Let d = 1626 - 444. What is the tens digit of d?
8
Let w(v) = -v - v - 3 + v**2 - v. Suppose 21*n - 17*n = 16. What is the units digit of w(n)?
1
Let m = 159 + 72. What is the units digit of m?
1
Suppose 0 = -2*q + p - 97 - 418, 5*q + 1295 = -5*p. What is the tens digit of q/(-4)*(-48)/(-36)?
8
Suppose 0 = 1155*v - 1150*v - 1375. What is the units digit of v?
5
Let x = -3393 - -6627. What is the thousands digit of x?
3
Suppose 5*j - 3324 = 2776. What is the hundreds digit of j?
2
Let u(z) = -z**3 + 5*z**2 + 7*z + 2. Let k(b) = -2*b - 2. Let v be k(-6). Suppose -i - 4*y = v, 4*i - 44 = y + 4*y. What is the units digit of u(i)?
8
Let w = -40 - -20. Let k(g) = -3*g - 4. What is the tens digit of k(w)?
5
Let l = 43 + -39. Suppose l*h - 802 = -62. What is the hundreds digit of h?
1
Let o(v) be the third derivative of -1/12*v**5 - 7*v**2 + 0 + 0*v - 4/3*v**3 - 7/24*v**4 + 1/120*v**6. What is the ten